{"id":6056,"date":"2021-06-01T15:34:48","date_gmt":"2021-06-01T13:34:48","guid":{"rendered":"https:\/\/caprichoslatinos.com\/peninsula\/?post_type=product&#038;p=6056"},"modified":"2024-07-30T12:34:22","modified_gmt":"2024-07-30T10:34:22","slug":"veladora-suerte-rapida-550g","status":"publish","type":"product","link":"https:\/\/caprichoslatinos.com\/peninsula\/producto\/veladora-suerte-rapida-550g\/","title":{"rendered":"Veladora Suerte R\u00e1pida 550g"},"content":{"rendered":"<p>Veladora Suerte R\u00e1pida<\/p>\n<p>La Veladora Suerte R\u00e1pida es ideal para atraer la buena suerte, en el amor, en el negocio, en el hogar as\u00ed como en el estudio. Suerte y beneficio r\u00e1pido.<\/p>\n<p>&nbsp;<\/p>\n","protected":false},"excerpt":{"rendered":"<p>Veladora Suerte R\u00e1pida.<\/p>\n<p>Formato: Vela.<br \/>\nPeso Neto\/Volumen Neto: 550g.<br \/>\nOrigen: Rep\u00fablica Dominicana.<\/p>\n<p>Disponible en:<\/p>\n<p>PENINSULA<\/p>\n","protected":false},"featured_media":6807,"template":"","meta":{"_monsterinsights_skip_tracking":false,"_monsterinsights_sitenote_active":false,"_monsterinsights_sitenote_note":"","_monsterinsights_sitenote_category":0},"product_brand":[],"product_cat":[277,317],"product_tag":[],"class_list":{"0":"post-6056","1":"product","2":"type-product","3":"status-publish","4":"has-post-thumbnail","6":"product_cat-peninsula","7":"product_cat-perfumeria-peninsula","9":"first","10":"outofstock","11":"shipping-taxable","12":"purchasable","13":"product-type-simple"},"aioseo_notices":[],"_links":{"self":[{"href":"https:\/\/caprichoslatinos.com\/peninsula\/wp-json\/wp\/v2\/product\/6056","targetHints":{"allow":["GET"]}}],"collection":[{"href":"https:\/\/caprichoslatinos.com\/peninsula\/wp-json\/wp\/v2\/product"}],"about":[{"href":"https:\/\/caprichoslatinos.com\/peninsula\/wp-json\/wp\/v2\/types\/product"}],"wp:featuredmedia":[{"embeddable":true,"href":"https:\/\/caprichoslatinos.com\/peninsula\/wp-json\/wp\/v2\/media\/6807"}],"wp:attachment":[{"href":"https:\/\/caprichoslatinos.com\/peninsula\/wp-json\/wp\/v2\/media?parent=6056"}],"wp:term":[{"taxonomy":"product_brand","embeddable":true,"href":"https:\/\/caprichoslatinos.com\/peninsula\/wp-json\/wp\/v2\/product_brand?post=6056"},{"taxonomy":"product_cat","embeddable":true,"href":"https:\/\/caprichoslatinos.com\/peninsula\/wp-json\/wp\/v2\/product_cat?post=6056"},{"taxonomy":"product_tag","embeddable":true,"href":"https:\/\/caprichoslatinos.com\/peninsula\/wp-json\/wp\/v2\/product_tag?post=6056"}],"curies":[{"name":"wp","href":"https:\/\/api.w.org\/{rel}","templated":true}]}}